{"id":6867,"date":"2020-05-20T15:16:38","date_gmt":"2020-05-20T18:16:38","guid":{"rendered":"https:\/\/rbma.org.br\/n\/?page_id=6867"},"modified":"2020-05-25T13:12:49","modified_gmt":"2020-05-25T16:12:49","slug":"programa-de-comunicacao-e-educacao-ambiental","status":"publish","type":"page","link":"https:\/\/rbma.org.br\/n\/programa-de-comunicacao-e-educacao-ambiental\/","title":{"rendered":"Programa de Comunica\u00e7\u00e3o e Educa\u00e7\u00e3o Ambiental"},"content":{"rendered":"<h3 style=\"text-align: center;\">P\u00c1GINA EM CONSTRU\u00c7\u00c3O<\/h3>\n<p><img loading=\"lazy\" decoding=\"async\" class=\"alignnone size-full wp-image-7145\" src=\"https:\/\/rbma.org.br\/n\/wp-content\/uploads\/2020\/05\/Em-COnstruc\u0327a\u0303o-RBMA.jpg\" alt=\"\" width=\"1184\" height=\"600\" \/><\/p>\n","protected":false},"excerpt":{"rendered":"<p>P\u00c1GINA EM CONSTRU\u00c7\u00c3O<\/p>\n","protected":false},"author":2,"featured_media":0,"parent":0,"menu_order":0,"comment_status":"closed","ping_status":"closed","template":"","meta":{"slim_seo":{"title":"Programa de Comunica\u00e7\u00e3o e Educa\u00e7\u00e3o Ambiental - RBMA","description":"P\u00c1GINA EM CONSTRU\u00c7\u00c3O"},"footnotes":""},"class_list":["post-6867","page","type-page","status-publish","hentry"],"_links":{"self":[{"href":"https:\/\/rbma.org.br\/n\/wp-json\/wp\/v2\/pages\/6867","targetHints":{"allow":["GET"]}}],"collection":[{"href":"https:\/\/rbma.org.br\/n\/wp-json\/wp\/v2\/pages"}],"about":[{"href":"https:\/\/rbma.org.br\/n\/wp-json\/wp\/v2\/types\/page"}],"author":[{"embeddable":true,"href":"https:\/\/rbma.org.br\/n\/wp-json\/wp\/v2\/users\/2"}],"replies":[{"embeddable":true,"href":"https:\/\/rbma.org.br\/n\/wp-json\/wp\/v2\/comments?post=6867"}],"version-history":[{"count":0,"href":"https:\/\/rbma.org.br\/n\/wp-json\/wp\/v2\/pages\/6867\/revisions"}],"wp:attachment":[{"href":"https:\/\/rbma.org.br\/n\/wp-json\/wp\/v2\/media?parent=6867"}],"curies":[{"name":"wp","href":"https:\/\/api.w.org\/{rel}","templated":true}]}}