{"id":96,"date":"2018-04-23T15:33:41","date_gmt":"2018-04-23T18:33:41","guid":{"rendered":"http:\/\/br446.teste.website\/~rbmao953\/n\/?page_id=96"},"modified":"2020-05-23T01:52:54","modified_gmt":"2020-05-23T04:52:54","slug":"mapas","status":"publish","type":"page","link":"https:\/\/rbma.org.br\/n\/multimidia\/mapas\/","title":{"rendered":"Mapas"},"content":{"rendered":"<h3 style=\"text-align: center;\">P\u00c1GINA EM CONSTRU\u00c7\u00c3O<\/h3>\n<p><img loading=\"lazy\" decoding=\"async\" class=\"alignnone size-full wp-image-7145\" src=\"https:\/\/rbma.org.br\/n\/wp-content\/uploads\/2020\/05\/Em-COnstruc\u0327a\u0303o-RBMA.jpg\" alt=\"\" width=\"1184\" height=\"600\" \/><\/p>\n","protected":false},"excerpt":{"rendered":"<p>P\u00c1GINA EM CONSTRU\u00c7\u00c3O<\/p>\n","protected":false},"author":4,"featured_media":0,"parent":88,"menu_order":40,"comment_status":"closed","ping_status":"closed","template":"","meta":{"slim_seo":{"title":"Mapas - RBMA","description":"P\u00c1GINA EM CONSTRU\u00c7\u00c3O"},"footnotes":""},"class_list":["post-96","page","type-page","status-publish","hentry"],"_links":{"self":[{"href":"https:\/\/rbma.org.br\/n\/wp-json\/wp\/v2\/pages\/96","targetHints":{"allow":["GET"]}}],"collection":[{"href":"https:\/\/rbma.org.br\/n\/wp-json\/wp\/v2\/pages"}],"about":[{"href":"https:\/\/rbma.org.br\/n\/wp-json\/wp\/v2\/types\/page"}],"author":[{"embeddable":true,"href":"https:\/\/rbma.org.br\/n\/wp-json\/wp\/v2\/users\/4"}],"replies":[{"embeddable":true,"href":"https:\/\/rbma.org.br\/n\/wp-json\/wp\/v2\/comments?post=96"}],"version-history":[{"count":0,"href":"https:\/\/rbma.org.br\/n\/wp-json\/wp\/v2\/pages\/96\/revisions"}],"up":[{"embeddable":true,"href":"https:\/\/rbma.org.br\/n\/wp-json\/wp\/v2\/pages\/88"}],"wp:attachment":[{"href":"https:\/\/rbma.org.br\/n\/wp-json\/wp\/v2\/media?parent=96"}],"curies":[{"name":"wp","href":"https:\/\/api.w.org\/{rel}","templated":true}]}}